{"id":176,"date":"2021-03-14T06:26:01","date_gmt":"2021-03-14T06:26:01","guid":{"rendered":"https:\/\/bkrd.kifst.hr\/?page_id=176"},"modified":"2026-01-11T21:04:26","modified_gmt":"2026-01-11T21:04:26","slug":"ocekivani-rezultati","status":"publish","type":"page","link":"https:\/\/twinswins.kifst.hr\/?page_id=176","title":{"rendered":"O\u010dekivani rezultati"},"content":{"rendered":"\n<p><strong>U\u010dinci na podru\u010dje istra\u017eivanja: <\/strong><em>Istra\u017eivanje \u0107e pru\u017eiti nove spoznaje o utjecaju genetske i okoli\u0161ne interakcije na sportsku izvedbu, uklju\u010duju\u0107i kako dob i Efekt relativne dobi (RAE) utje\u010du na sportski uspjeh, \u0161to mo\u017ee dovesti do promjena u selekcijskim procesima za mlade sporta\u0161e. Razvijat \u0107e se nove neinvazivne metode za procjenu ko\u0161tane dobi i neuromi\u0161i\u0107nih karakteristika, \u010dime \u0107e se pobolj\u0161ati istra\u017eiva\u010dka metodologija. Rezultati \u0107e biti objavljeni u visoko rangiranim znanstvenim \u010dasopisima i pohranjeni u otvorene baze podataka za promicanje transparentnosti i reproducibilnosti. Dru\u0161tveni i gospodarski u\u010dinci uklju\u010duju pobolj\u0161anje programa treninga i selekcije kroz primjenu novih spoznaja, \u0161to mo\u017ee smanjiti rizik od ozljeda i pobolj\u0161ati razvoj mladih talenata. Korisnici istra\u017eivanja su \u00a0mladi sporta\u0161i, roditelji, treneri, sportske akademije, edukacijske institucije, zdravstveni profesionalci te vladine i nevladine sportske organizacije. Primjena istra\u017eivanja mo\u017ee dovesti do pove\u0107anja sportskih postignu\u0107a, smanjenja ozljeda i promicanja zdravijeg pristupa sportskoj praksi, pridonose\u0107i sportskom uspjehu i pobolj\u0161anju zdravlja populacije.<\/em><\/p>\n","protected":false},"excerpt":{"rendered":"<p>U\u010dinci na podru\u010dje istra\u017eivanja: Istra\u017eivanje \u0107e pru\u017eiti nove spoznaje o utjecaju genetske i okoli\u0161ne interakcije na sportsku izvedbu, uklju\u010duju\u0107i kako dob i Efekt relativne dobi (RAE) utje\u010du na sportski uspjeh, \u0161to mo\u017ee dovesti do promjena u selekcijskim procesima za mlade sporta\u0161e. Razvijat \u0107e se nove neinvazivne metode za procjenu ko\u0161tane&#8230;<\/p>\n","protected":false},"author":1,"featured_media":0,"parent":0,"menu_order":0,"comment_status":"closed","ping_status":"closed","template":"","meta":{"footnotes":""},"class_list":["post-176","page","type-page","status-publish","hentry"],"_links":{"self":[{"href":"https:\/\/twinswins.kifst.hr\/index.php?rest_route=\/wp\/v2\/pages\/176","targetHints":{"allow":["GET"]}}],"collection":[{"href":"https:\/\/twinswins.kifst.hr\/index.php?rest_route=\/wp\/v2\/pages"}],"about":[{"href":"https:\/\/twinswins.kifst.hr\/index.php?rest_route=\/wp\/v2\/types\/page"}],"author":[{"embeddable":true,"href":"https:\/\/twinswins.kifst.hr\/index.php?rest_route=\/wp\/v2\/users\/1"}],"replies":[{"embeddable":true,"href":"https:\/\/twinswins.kifst.hr\/index.php?rest_route=%2Fwp%2Fv2%2Fcomments&post=176"}],"version-history":[{"count":4,"href":"https:\/\/twinswins.kifst.hr\/index.php?rest_route=\/wp\/v2\/pages\/176\/revisions"}],"predecessor-version":[{"id":823,"href":"https:\/\/twinswins.kifst.hr\/index.php?rest_route=\/wp\/v2\/pages\/176\/revisions\/823"}],"wp:attachment":[{"href":"https:\/\/twinswins.kifst.hr\/index.php?rest_route=%2Fwp%2Fv2%2Fmedia&parent=176"}],"curies":[{"name":"wp","href":"https:\/\/api.w.org\/{rel}","templated":true}]}}